n factor of 6889 and 913.
83
Calculate the highest common factor of 1339 and 103.
103
Calculate the greatest common factor of 1215 and 54.
27
What is the greatest common factor of 40 and 7000?
40
What is the greatest common factor of 1674 and 39?
3
What is the greatest common factor of 54 and 1926?
18
Calculate the highest common factor of 355 and 12709.
71
Calculate the highest common factor of 264 and 16.
8
Calculate the highest common factor of 124 and 62.
62
What is the greatest common divisor of 21 and 623?
7
Calculate the highest common divisor of 1537 and 58.
29
Calculate the greatest common factor of 664 and 232.
8
What is the highest common divisor of 7275 and 75?
75
Calculate the highest common divisor of 5 and 70.
5
What is the greatest common factor of 2768 and 64?
16
Calculate the greatest common divisor of 965 and 5.
5
Calculate the greatest common factor of 1235 and 195.
65
Calculate the highest common factor of 9 and 1251.
9
What is the greatest common divisor of 19 and 5909?
19
What is the greatest common factor of 158 and 1501?
79
Calculate the greatest common divisor of 2556 and 96.
12
What is the highest common divisor of 928 and 6?
2
Calculate the highest common factor of 726 and 486.
6
What is the highest common divisor of 248 and 64?
8
Calculate the greatest common divisor of 13056 and 120.
24
What is the greatest common factor of 66 and 10461?
33
Calculate the greatest common divisor of 108 and 222.
6
What is the greatest common factor of 153 and 1395?
9
Calculate the greatest common divisor of 32 and 4200.
8
Calculate the highest common divisor of 5704 and 32.
8
Calculate the highest common divisor of 117 and 38493.
117
Calculate the greatest common divisor of 38070 and 235.
235
What is the highest common factor of 4867 and 3140?
157
Calculate the greatest common divisor of 18 and 11106.
18
What is the greatest common factor of 135 and 440?
5
What is the highest common divisor of 140 and 340?
20
Calculate the greatest common factor of 17469 and 27.
27
What is the greatest common divisor of 108 and 27?
27
Calculate the highest common divisor of 697 and 410.
41
Calculate the greatest common factor of 130 and 1014.
26
Calculate the highest common factor of 88 and 33.
11
Calculate the greatest common divisor of 62 and 217.
31
What is the greatest common divisor of 100 and 75?
25
Calculate the highest common divisor of 552 and 120.
24
What is the highest common factor of 1034 and 88?
22
What is the greatest common divisor of 3211 and 1521?
169
Calculate the greatest common divisor of 156 and 1212.
12
Calculate the greatest common factor of 37 and 925.
37
What is the greatest common factor of 3875 and 31?
31
Calculate the greatest common factor of 51 and 1037.
17
Calculate the highest common divisor of 228 and 12.
12
Calculate the greatest common divisor of 2440 and 40.
40
Calculate the highest common divisor of 18 and 450.
18
What is the highest common divisor of 407 and 33?
11
What is the greatest common divisor of 88 and 154?
22
What is the greatest common factor of 1389 and 15?
3
What is the highest common factor of 469 and 14?
7
Calculate the highest common divisor of 2 and 449.
1
What is the highest common factor of 30 and 2770?
10
Calculate the highest common factor of 28 and 903.
7
What is the highest common divisor of 30 and 110?
10
What is the highest common factor of 174 and 6?
6
Calculate the greatest common divisor of 88 and 154.
22
Calculate the highest common divisor of 152 and 4446.
38
What is the highest common factor of 100 and 420?
20
Calculate the highest common factor of 204 and 1764.
12
Calculate the highest common factor of 17 and 4913.
17
Calculate the highest common factor of 12 and 1316.
4
What is the greatest common divisor of 10 and 2410?
10
What is the greatest common divisor of 5214 and 66?
66
What is the highest common factor of 780 and 80?
20
Calculate the greatest common factor of 2907 and 153.
153
What is the highest common divisor of 1073 and 37?
37
Calculate the highest common divisor of 2808 and 195.
39
Calculate the highest common factor of 3870 and 990.
90
Calculate the greatest common divisor of 7965 and 30.
15
What is the highest common divisor of 107 and 4?
1
What is the greatest common divisor of 3801 and 14?
7
Calculate the greatest common factor of 255 and 7055.
85
What is the greatest common divisor of 5352 and 24?
24
What is the highest common divisor of 139 and 49623?
139
Calculate the highest common factor of 121 and 605.
121
What is the highest common divisor of 368 and 16?
16
Calculate the greatest common factor of 68 and 119.
17
What is the greatest common divisor of 28 and 322?
14
Calculate the highest common factor of 20 and 340.
20
Calculate the highest common divisor of 639 and 33.
3
Calculate the highest common factor of 3850 and 1890.
70
Calculate the highest common factor of 1674 and 806.
62
Calculate the highest common divisor of 3633 and 168.
21
What is the highest common divisor of 2760 and 3?
3
What is the highest common divisor of 315 and 90?
45
Calculate the greatest common divisor of 28 and 658.
14
What is the greatest common divisor of 22 and 2354?
22
What is the highest common factor of 100 and 5740?
20
Calculate the greatest common divisor of 11646 and 36.
18
Calculate the highest common factor of 261 and 1798.
29
Calculate the greatest common divisor of 169 and 104.
13
What is the highest common factor of 3838 and 114?
38
Calculate the highest common factor of 4760 and 2890.
170
Calculate the highest common factor of 425 and 51.
17
Calculate the greatest common factor of 144 and 18.
18
What is the greatest common factor of 256 and 24?
8
What is the greatest common divisor of 440 and 800?
40
What is the greatest common factor of 92 and 9568?
92
Calculate the greatest common factor of 6582 and 12.
6
Calculate the highest common factor of 162 and 12.
6
What is the highest common divisor of 154 and 70?
14
What is the highest common factor of 259 and 111?
37
What is the greatest common factor of 5247 and 18?
9
What is the highest common factor of 4 and 614?
2
What is the highest common factor of 1770 and 30?
30
What is the highest common divisor of 52 and 182?
26
What is the greatest common divisor of 3525 and 75?
75
Calculate the greatest common factor of 9 and 84.
3
Calculate the greatest common divisor of 1426 and 403.
31
Calculate the highest common factor of 59 and 18703.
59
What is the greatest common divisor of 150 and 7050?
150
What is the greatest common divisor of 264 and 660?
132
What is the highest common divisor of 180 and 105?
15
Calculate the greatest common divisor of 6815 and 290.
145
What is the highest common factor of 380 and 40?
20
What is the greatest common factor of 48 and 208?
16
Calculate the highest common divisor of 48 and 48.
48
Calculate the highest common factor of 270 and 162.
54
What is the greatest common factor of 692 and 12?
4
Calculate the highest common divisor of 570 and 114.
114
What is the highest common factor of 189 and 56?
7
What is the greatest common factor of 34 and 289?
17
Calculate the highest common factor of 22 and 10802.
22
What is the greatest common factor of 741 and 1140?
57
What is the greatest common factor of 60 and 12?
12
Calculate the highest common factor of 16 and 808.
8
What is the highest common factor of 280 and 60?
20
What is the greatest common divisor of 102 and 85?
17
What is the highest common factor of 4 and 8?
4
What is the greatest common factor of 64 and 664?
8
Calculate the greatest common factor of 460 and 368.
92
What is the greatest common divisor of 68 and 1904?
68
Calculate the greatest common divisor of 136 and 18190.
34
Calculate the greatest common factor of 60 and 17790.
30
Calculate the greatest common factor of 1272 and 4240.
424
Calculate the greatest common divisor of 91 and 84.
7
Calculate the greatest common factor of 34 and 538.
2
What is the highest common factor of 60 and 48?
12
What is the highest common factor of 17381 and 91?
91
Calculate the highest common factor of 96 and 896.
32
Calculate the highest common divisor of 156 and 4.
4
What is the highest common factor of 475 and 25?
25
What is the greatest common factor of 8 and 732?
4
What is the greatest common